{"id":2632,"date":"2025-11-05T17:27:50","date_gmt":"2025-11-05T16:27:50","guid":{"rendered":"https:\/\/dyrk-haven.dk\/?post_type=product&#038;p=2632"},"modified":"2025-11-05T17:27:50","modified_gmt":"2025-11-05T16:27:50","slug":"tidsel","status":"publish","type":"product","link":"https:\/\/dyrk-haven.dk\/index.php\/vare\/tidsel\/","title":{"rendered":"Tidsel"},"content":{"rendered":"<p><em>Dipsacus sativus<\/em><\/p>\n<p>Tidsel er en imponerende to\u00e5rig plante, der vokser til en statelig h\u00f8jde p\u00e5 120 til 150 cm. Den er kendetegnet ved sin oprette, stive, tornede st\u00e6ngel og de karakteristiske ovale blomsterhoveder. Planten er meget nektarrig (melliferous) og er fremragende til at tiltr\u00e6kke bier og andre nyttige insekter til haven. Den er velegnet til b\u00e5de blomsterbede og vilde enge. Plantens tornede fr\u00f8stande er s\u00e6rligt popul\u00e6re, da de bevarer deres udseende og er pragtfulde i t\u00f8rrede arrangementer og buketter.<\/p>\n<hr \/>\n<p><b>S\u00e5- og Dyrkningsvejledning:<\/b><\/p>\n<ul>\n<li><b>S\u00e5dybde udend\u00f8rs:<\/b> 0,5 cm (s\u00e5s meget overfladisk).<\/li>\n<li><b>S\u00e5tid udend\u00f8rs:<\/b> Maj \u2013 Juli.<\/li>\n<li><b>Planteafstand:<\/b> 40 x 30 cm.<\/li>\n<li><b>Blomstringsperiode:<\/b> Juni \u2013 September (i plantens andet \u00e5r).<\/li>\n<\/ul>\n<hr \/>\n<p>Ca. 50 fr\u00f8<\/p>\n<p>Leverand\u00f8r: Premium Seeds<\/p>\n","protected":false},"excerpt":{"rendered":"<p>Dipsacus sativus Tidsel er en imponerende to\u00e5rig plante, der vokser til en statelig h\u00f8jde p\u00e5 120 til 150 cm. Den er kendetegnet ved sin oprette, stive, tornede st\u00e6ngel og de karakteristiske ovale blomsterhoveder. Planten er meget nektarrig (melliferous) og er fremragende til at tiltr\u00e6kke bier og andre nyttige insekter til haven. Den er velegnet til&hellip;&nbsp;<a href=\"https:\/\/dyrk-haven.dk\/index.php\/vare\/tidsel\/\" rel=\"bookmark\"><span class=\"screen-reader-text\">Tidsel<\/span><\/a><\/p>\n","protected":false},"featured_media":2634,"comment_status":"open","ping_status":"closed","template":"","meta":{"neve_meta_sidebar":"","neve_meta_container":"","neve_meta_enable_content_width":"off","neve_meta_content_width":100,"neve_meta_title_alignment":"","neve_meta_author_avatar":"","neve_post_elements_order":"","neve_meta_disable_header":"","neve_meta_disable_footer":"","neve_meta_disable_title":"","jetpack_post_was_ever_published":false},"product_brand":[],"product_cat":[25,452],"product_tag":[37],"class_list":{"0":"post-2632","1":"product","2":"type-product","3":"status-publish","4":"has-post-thumbnail","6":"product_cat-blomster","7":"product_cat-toaarige","8":"product_tag-snitblomst","10":"first","11":"instock","12":"shipping-taxable","13":"purchasable","14":"product-type-simple"},"jetpack-related-posts":[{"id":2594,"url":"https:\/\/dyrk-haven.dk\/index.php\/vare\/pragtskaer\/","url_meta":{"origin":2632,"position":0},"title":"Pragtsk\u00e6r Pink","author":"S\u00f8rensen","date":"oktober 28, 2025","format":false,"excerpt":"Liatris spicata Denne smukke, fler\u00e5rige Pragtsk\u00e6r er et imponerende syn i haven. Den danner oprette v\u00e6kster, der str\u00e6kker sig 60-80 cm i h\u00f8jden. Plantens karakteristiske pink-lilla blomster samler sig i lange, slanke aks, som blomstrer fra toppen og ned. Som en nektarrig plante er Pragtsk\u00e6r Pink en magnet for sommerfugle,\u2026","rel":"","context":"Similar post","block_context":{"text":"Similar post","link":""},"img":{"alt_text":"","src":"https:\/\/i0.wp.com\/dyrk-haven.dk\/wp-content\/uploads\/2025\/10\/Pragtskaer-pink.jpg?fit=945%2C924&ssl=1&resize=350%2C200","width":350,"height":200,"srcset":"https:\/\/i0.wp.com\/dyrk-haven.dk\/wp-content\/uploads\/2025\/10\/Pragtskaer-pink.jpg?fit=945%2C924&ssl=1&resize=350%2C200 1x, https:\/\/i0.wp.com\/dyrk-haven.dk\/wp-content\/uploads\/2025\/10\/Pragtskaer-pink.jpg?fit=945%2C924&ssl=1&resize=525%2C300 1.5x, https:\/\/i0.wp.com\/dyrk-haven.dk\/wp-content\/uploads\/2025\/10\/Pragtskaer-pink.jpg?fit=945%2C924&ssl=1&resize=700%2C400 2x"},"classes":[]},{"id":2644,"url":"https:\/\/dyrk-haven.dk\/index.php\/vare\/lupin-the-chatelaine\/","url_meta":{"origin":2632,"position":1},"title":"Lupin The Chatelaine","author":"S\u00f8rensen","date":"november 5, 2025","format":false,"excerpt":"Lupinus polyphyllus Lupin The Chatelaine\u00a0er en smuk fler\u00e5rig plante, der bliver 80 til 100 cm h\u00f8j og er et markant blikfang i ethvert bed. Planten danner en t\u00e6t tue af dekorative, h\u00e5ndfligede blade, som krones af imponerende, lange, drueformede klaser af yndige lyser\u00f8de blomster. Denne sort er ideel til at\u2026","rel":"","context":"Similar post","block_context":{"text":"Similar post","link":""},"img":{"alt_text":"","src":"https:\/\/i0.wp.com\/dyrk-haven.dk\/wp-content\/uploads\/2025\/11\/Lupin-The-Chatelaine.jpg?fit=945%2C927&ssl=1&resize=350%2C200","width":350,"height":200,"srcset":"https:\/\/i0.wp.com\/dyrk-haven.dk\/wp-content\/uploads\/2025\/11\/Lupin-The-Chatelaine.jpg?fit=945%2C927&ssl=1&resize=350%2C200 1x, https:\/\/i0.wp.com\/dyrk-haven.dk\/wp-content\/uploads\/2025\/11\/Lupin-The-Chatelaine.jpg?fit=945%2C927&ssl=1&resize=525%2C300 1.5x, https:\/\/i0.wp.com\/dyrk-haven.dk\/wp-content\/uploads\/2025\/11\/Lupin-The-Chatelaine.jpg?fit=945%2C927&ssl=1&resize=700%2C400 2x"},"classes":[]},{"id":2640,"url":"https:\/\/dyrk-haven.dk\/index.php\/vare\/evighedsblomst-mix\/","url_meta":{"origin":2632,"position":2},"title":"Evighedsblomst mix","author":"S\u00f8rensen","date":"november 5, 2025","format":false,"excerpt":"Xeranthemum annuum Evighedsblomst mix\u00a0er en dejlig et\u00e5rig plante, der vokser til en h\u00f8jde p\u00e5 30 til 60 cm. Den udvikler tynde, stive og forgrenede skud, som b\u00e6rer halvfyldte blomster i smukke blandinger af hvide, rosa og lilla nuancer. Denne plante er en klassiker i haven, is\u00e6r p\u00e5 grund af dens\u2026","rel":"","context":"Similar post","block_context":{"text":"Similar post","link":""},"img":{"alt_text":"","src":"https:\/\/i0.wp.com\/dyrk-haven.dk\/wp-content\/uploads\/2025\/11\/Evighedsblomst-mix.jpg?fit=945%2C917&ssl=1&resize=350%2C200","width":350,"height":200,"srcset":"https:\/\/i0.wp.com\/dyrk-haven.dk\/wp-content\/uploads\/2025\/11\/Evighedsblomst-mix.jpg?fit=945%2C917&ssl=1&resize=350%2C200 1x, https:\/\/i0.wp.com\/dyrk-haven.dk\/wp-content\/uploads\/2025\/11\/Evighedsblomst-mix.jpg?fit=945%2C917&ssl=1&resize=525%2C300 1.5x, https:\/\/i0.wp.com\/dyrk-haven.dk\/wp-content\/uploads\/2025\/11\/Evighedsblomst-mix.jpg?fit=945%2C917&ssl=1&resize=700%2C400 2x"},"classes":[]},{"id":2619,"url":"https:\/\/dyrk-haven.dk\/index.php\/vare\/aert-six-weeks\/","url_meta":{"origin":2632,"position":3},"title":"\u00c6rt Six Weeks","author":"S\u00f8rensen","date":"november 5, 2025","format":false,"excerpt":"Pisum sativum L Six Weeks er en meget tidlig \u00e6rtesort, der lever op til sit navn med en imponerende kort v\u00e6ksts\u00e6son p\u00e5 kun 60-70 dage. Sorten er kendetegnet ved et h\u00f8jt udbytte og god sygdomsresistens, hvilket sikrer en nem dyrkning og tilfredsstillende h\u00f8st. Planterne bliver ca. 100 cm h\u00f8je og\u2026","rel":"","context":"Similar post","block_context":{"text":"Similar post","link":""},"img":{"alt_text":"","src":"https:\/\/i0.wp.com\/dyrk-haven.dk\/wp-content\/uploads\/2025\/11\/Aert-Six-Weeks.jpg?fit=1200%2C1173&ssl=1&resize=350%2C200","width":350,"height":200,"srcset":"https:\/\/i0.wp.com\/dyrk-haven.dk\/wp-content\/uploads\/2025\/11\/Aert-Six-Weeks.jpg?fit=1200%2C1173&ssl=1&resize=350%2C200 1x, https:\/\/i0.wp.com\/dyrk-haven.dk\/wp-content\/uploads\/2025\/11\/Aert-Six-Weeks.jpg?fit=1200%2C1173&ssl=1&resize=525%2C300 1.5x, https:\/\/i0.wp.com\/dyrk-haven.dk\/wp-content\/uploads\/2025\/11\/Aert-Six-Weeks.jpg?fit=1200%2C1173&ssl=1&resize=700%2C400 2x, https:\/\/i0.wp.com\/dyrk-haven.dk\/wp-content\/uploads\/2025\/11\/Aert-Six-Weeks.jpg?fit=1200%2C1173&ssl=1&resize=1050%2C600 3x"},"classes":[]},{"id":2635,"url":"https:\/\/dyrk-haven.dk\/index.php\/vare\/straablomst-gul\/","url_meta":{"origin":2632,"position":4},"title":"Str\u00e5blomst gul","author":"S\u00f8rensen","date":"november 5, 2025","format":false,"excerpt":"Helichrysum bracteatum Gul str\u00e5blomst er en elegant et\u00e5rig plante, der vokser til en h\u00f8jde p\u00e5 60 til 100 cm. Sorten udvikler lange, stive og slankt bekl\u00e6dte skud, som ender i store, str\u00e5lende gule blomsterhoveder. Disse blomster er ideelle til at tilf\u00f8re farve og tekstur til blomsterbede og er s\u00e6rligt v\u00e6rdsatte\u2026","rel":"","context":"Similar post","block_context":{"text":"Similar post","link":""},"img":{"alt_text":"","src":"https:\/\/i0.wp.com\/dyrk-haven.dk\/wp-content\/uploads\/2025\/11\/Straablomst-gul.jpg?fit=945%2C923&ssl=1&resize=350%2C200","width":350,"height":200,"srcset":"https:\/\/i0.wp.com\/dyrk-haven.dk\/wp-content\/uploads\/2025\/11\/Straablomst-gul.jpg?fit=945%2C923&ssl=1&resize=350%2C200 1x, https:\/\/i0.wp.com\/dyrk-haven.dk\/wp-content\/uploads\/2025\/11\/Straablomst-gul.jpg?fit=945%2C923&ssl=1&resize=525%2C300 1.5x, https:\/\/i0.wp.com\/dyrk-haven.dk\/wp-content\/uploads\/2025\/11\/Straablomst-gul.jpg?fit=945%2C923&ssl=1&resize=700%2C400 2x"},"classes":[]},{"id":2628,"url":"https:\/\/dyrk-haven.dk\/index.php\/vare\/salvie\/","url_meta":{"origin":2632,"position":5},"title":"Salvie","author":"S\u00f8rensen","date":"november 5, 2025","format":false,"excerpt":"Salvia officinalis Salvie er en fler\u00e5rig krydderurt, der vokser til en h\u00f8jde p\u00e5 50 til 80 cm. Planten er nem at kende p\u00e5 sine karakteristiske blade og st\u00e6ngler, som er t\u00e6t d\u00e6kket af h\u00e5r, og i blomstringsperioden prydes den af smukke, bl\u00e5-lilla blomster med en behagelig duft. Salvie er en\u2026","rel":"","context":"Similar post","block_context":{"text":"Similar post","link":""},"img":{"alt_text":"","src":"https:\/\/i0.wp.com\/dyrk-haven.dk\/wp-content\/uploads\/2025\/11\/Salvie.jpg?fit=945%2C933&ssl=1&resize=350%2C200","width":350,"height":200,"srcset":"https:\/\/i0.wp.com\/dyrk-haven.dk\/wp-content\/uploads\/2025\/11\/Salvie.jpg?fit=945%2C933&ssl=1&resize=350%2C200 1x, https:\/\/i0.wp.com\/dyrk-haven.dk\/wp-content\/uploads\/2025\/11\/Salvie.jpg?fit=945%2C933&ssl=1&resize=525%2C300 1.5x, https:\/\/i0.wp.com\/dyrk-haven.dk\/wp-content\/uploads\/2025\/11\/Salvie.jpg?fit=945%2C933&ssl=1&resize=700%2C400 2x"},"classes":[]}],"jetpack_sharing_enabled":true,"_links":{"self":[{"href":"https:\/\/dyrk-haven.dk\/index.php\/wp-json\/wp\/v2\/product\/2632","targetHints":{"allow":["GET"]}}],"collection":[{"href":"https:\/\/dyrk-haven.dk\/index.php\/wp-json\/wp\/v2\/product"}],"about":[{"href":"https:\/\/dyrk-haven.dk\/index.php\/wp-json\/wp\/v2\/types\/product"}],"replies":[{"embeddable":true,"href":"https:\/\/dyrk-haven.dk\/index.php\/wp-json\/wp\/v2\/comments?post=2632"}],"wp:featuredmedia":[{"embeddable":true,"href":"https:\/\/dyrk-haven.dk\/index.php\/wp-json\/wp\/v2\/media\/2634"}],"wp:attachment":[{"href":"https:\/\/dyrk-haven.dk\/index.php\/wp-json\/wp\/v2\/media?parent=2632"}],"wp:term":[{"taxonomy":"product_brand","embeddable":true,"href":"https:\/\/dyrk-haven.dk\/index.php\/wp-json\/wp\/v2\/product_brand?post=2632"},{"taxonomy":"product_cat","embeddable":true,"href":"https:\/\/dyrk-haven.dk\/index.php\/wp-json\/wp\/v2\/product_cat?post=2632"},{"taxonomy":"product_tag","embeddable":true,"href":"https:\/\/dyrk-haven.dk\/index.php\/wp-json\/wp\/v2\/product_tag?post=2632"}],"curies":[{"name":"wp","href":"https:\/\/api.w.org\/{rel}","templated":true}]}}