{"id":2619,"date":"2025-11-05T14:43:51","date_gmt":"2025-11-05T13:43:51","guid":{"rendered":"https:\/\/dyrk-haven.dk\/?post_type=product&#038;p=2619"},"modified":"2025-11-05T14:43:51","modified_gmt":"2025-11-05T13:43:51","slug":"aert-six-weeks","status":"publish","type":"product","link":"https:\/\/dyrk-haven.dk\/index.php\/vare\/aert-six-weeks\/","title":{"rendered":"\u00c6rt Six Weeks"},"content":{"rendered":"<p><em>Pisum sativum L<\/em><\/p>\n<p>Six Weeks er en meget tidlig \u00e6rtesort, der lever op til sit navn med en imponerende kort v\u00e6ksts\u00e6son p\u00e5 kun 60-70 dage. Sorten er kendetegnet ved et h\u00f8jt udbytte og god sygdomsresistens, hvilket sikrer en nem dyrkning og tilfredsstillende h\u00f8st. Planterne bliver ca. 100 cm h\u00f8je og har slanke st\u00e6ngler, der kr\u00e6ver st\u00f8tte for at b\u00e6re v\u00e6gten af de modne b\u00e6lge. De kompakte planter er ogs\u00e5 velegnede til mindre haver.<\/p>\n<p>B\u00e6lgene bliver op til 9 cm lange og er fyldt med 5-6 store fr\u00f8. \u00c6rterne har en meget god smag og er ideelle til b\u00e5de frisk forbrug, kogning og konservering. Deres tidlige modning g\u00f8r dem til et fremragende valg, hvis du \u00f8nsker at nyde friske \u00e6rter allerede i de f\u00f8rste uger af sommeren.<\/p>\n<hr \/>\n<p><b>S\u00e5- og H\u00f8stvejledning:<\/b><\/p>\n<ul>\n<li><b>S\u00e5dybde:<\/b> 3-4 cm (Standard for \u00e6rter).<\/li>\n<li><b>S\u00e5tid udend\u00f8rs:<\/b> Midten af marts \u2013 Juni.<\/li>\n<li><b>Planteafstand:<\/b> 30-40 x 3-4 cm.<\/li>\n<li><b>H\u00f8stperiode:<\/b> Juli \u2013 Oktober.<\/li>\n<\/ul>\n<hr \/>\n<p>Ca. 55 fr\u00f8<\/p>\n<p>Leverand\u00f8r: Toraf<\/p>\n","protected":false},"excerpt":{"rendered":"<p>Pisum sativum L Six Weeks er en meget tidlig \u00e6rtesort, der lever op til sit navn med en imponerende kort v\u00e6ksts\u00e6son p\u00e5 kun 60-70 dage. Sorten er kendetegnet ved et h\u00f8jt udbytte og god sygdomsresistens, hvilket sikrer en nem dyrkning og tilfredsstillende h\u00f8st. Planterne bliver ca. 100 cm h\u00f8je og har slanke st\u00e6ngler, der kr\u00e6ver&hellip;&nbsp;<a href=\"https:\/\/dyrk-haven.dk\/index.php\/vare\/aert-six-weeks\/\" rel=\"bookmark\"><span class=\"screen-reader-text\">\u00c6rt Six Weeks<\/span><\/a><\/p>\n","protected":false},"featured_media":2620,"comment_status":"open","ping_status":"closed","template":"","meta":{"neve_meta_sidebar":"","neve_meta_container":"","neve_meta_enable_content_width":"off","neve_meta_content_width":100,"neve_meta_title_alignment":"","neve_meta_author_avatar":"","neve_post_elements_order":"","neve_meta_disable_header":"","neve_meta_disable_footer":"","neve_meta_disable_title":"","jetpack_post_was_ever_published":false},"product_brand":[],"product_cat":[351,22],"product_tag":[460,54,55],"class_list":{"0":"post-2619","1":"product","2":"type-product","3":"status-publish","4":"has-post-thumbnail","6":"product_cat-aert","7":"product_cat-groent","8":"product_tag-hoejde-100-150-cm","9":"product_tag-konservering","10":"product_tag-spiselig","12":"first","13":"instock","14":"shipping-taxable","15":"purchasable","16":"product-type-simple"},"jetpack-related-posts":[{"id":2598,"url":"https:\/\/dyrk-haven.dk\/index.php\/vare\/hesteboenne-karmazyn\/","url_meta":{"origin":2619,"position":0},"title":"Hesteb\u00f8nne Karmazyn","author":"S\u00f8rensen","date":"oktober 31, 2025","format":false,"excerpt":"Vicia Faba L Karmazyn er en middeltidlig, traditionel hesteb\u00f8nnesort, der giver et us\u00e6dvanligt rigeligt udbytte. Planten n\u00e5r en h\u00f8jde p\u00e5 60-80 cm og er s\u00e6rligt v\u00e6rdsat for sine b\u00e6lge, der indeholder 3-5 store fr\u00f8 af en unik og smuk karminr\u00f8d farve. De modnes ensartet, og planten er tolerant over for\u2026","rel":"","context":"Similar post","block_context":{"text":"Similar post","link":""},"img":{"alt_text":"","src":"https:\/\/i0.wp.com\/dyrk-haven.dk\/wp-content\/uploads\/2025\/10\/Favaboenne-Karmazyn.jpg?fit=381%2C345&ssl=1&resize=350%2C200","width":350,"height":200},"classes":[]},{"id":2614,"url":"https:\/\/dyrk-haven.dk\/index.php\/vare\/klatreboenne-goldmarie\/","url_meta":{"origin":2619,"position":1},"title":"Klatreb\u00f8nne Goldmarie","author":"S\u00f8rensen","date":"november 2, 2025","format":false,"excerpt":"Phaseolus vulgaris L Goldmarie\u00a0er en fremragende, tidlig stangvoksende sort af Mammut-typen, som producerer et rigt udbytte. Planten n\u00e5r en imponerende h\u00f8jde p\u00e5 2,5-3 meter og kr\u00e6ver derfor st\u00f8tte (f.eks. p\u00e6le eller stativ). B\u00f8nnerne udvikler sig til lange, gule, brede og flade b\u00e6lge, der m\u00e5ler hele 20-25 cm. Disse b\u00e6lge er\u2026","rel":"","context":"Similar post","block_context":{"text":"Similar post","link":""},"img":{"alt_text":"","src":"https:\/\/i0.wp.com\/dyrk-haven.dk\/wp-content\/uploads\/2025\/11\/Stangboenne-Goldmarie.jpg?fit=1200%2C1154&ssl=1&resize=350%2C200","width":350,"height":200,"srcset":"https:\/\/i0.wp.com\/dyrk-haven.dk\/wp-content\/uploads\/2025\/11\/Stangboenne-Goldmarie.jpg?fit=1200%2C1154&ssl=1&resize=350%2C200 1x, https:\/\/i0.wp.com\/dyrk-haven.dk\/wp-content\/uploads\/2025\/11\/Stangboenne-Goldmarie.jpg?fit=1200%2C1154&ssl=1&resize=525%2C300 1.5x, https:\/\/i0.wp.com\/dyrk-haven.dk\/wp-content\/uploads\/2025\/11\/Stangboenne-Goldmarie.jpg?fit=1200%2C1154&ssl=1&resize=700%2C400 2x, https:\/\/i0.wp.com\/dyrk-haven.dk\/wp-content\/uploads\/2025\/11\/Stangboenne-Goldmarie.jpg?fit=1200%2C1154&ssl=1&resize=1050%2C600 3x"},"classes":[]},{"id":2630,"url":"https:\/\/dyrk-haven.dk\/index.php\/vare\/loevstikke\/","url_meta":{"origin":2619,"position":2},"title":"L\u00f8vstikke","author":"S\u00f8rensen","date":"november 5, 2025","format":false,"excerpt":"Levisticum officinale L\u00f8vstikke\u00a0er en kraftig fler\u00e5rig urt, der er kendt som \"Maggi-urten\" p\u00e5 grund af sin intense aroma. Planten kan blive op til hele 200 cm h\u00f8j og er en imponerende tilf\u00f8jelse til enhver k\u00f8kkenhave. Den har en st\u00e6rk, krydret smag og duft, som stammer fra de m\u00f8rkegr\u00f8nne blade, jordst\u00e6ngler\u2026","rel":"","context":"Similar post","block_context":{"text":"Similar post","link":""},"img":{"alt_text":"","src":"https:\/\/i0.wp.com\/dyrk-haven.dk\/wp-content\/uploads\/2025\/11\/Loevstikke.jpg?fit=945%2C926&ssl=1&resize=350%2C200","width":350,"height":200,"srcset":"https:\/\/i0.wp.com\/dyrk-haven.dk\/wp-content\/uploads\/2025\/11\/Loevstikke.jpg?fit=945%2C926&ssl=1&resize=350%2C200 1x, https:\/\/i0.wp.com\/dyrk-haven.dk\/wp-content\/uploads\/2025\/11\/Loevstikke.jpg?fit=945%2C926&ssl=1&resize=525%2C300 1.5x, https:\/\/i0.wp.com\/dyrk-haven.dk\/wp-content\/uploads\/2025\/11\/Loevstikke.jpg?fit=945%2C926&ssl=1&resize=700%2C400 2x"},"classes":[]},{"id":2603,"url":"https:\/\/dyrk-haven.dk\/index.php\/vare\/hjulkrone-blaa\/","url_meta":{"origin":2619,"position":3},"title":"Hjulkrone bl\u00e5","author":"S\u00f8rensen","date":"oktober 31, 2025","format":false,"excerpt":"Borago officinalis Hjulkrone\u00a0er en letdyrkelig, et\u00e5rig krydderurt, der kombinerer dekorativ sk\u00f8nhed med bred anvendelse. B\u00e5de plantens blade og st\u00e6ngler har en frisk duft og syrlig smag af agurk, som giver et unikt pift til salater, supper og sommerdrinks. Ud over det kulinariske tiltr\u00e6kker de smukke, himmelbl\u00e5 stjerneblomster nyttige best\u00f8vere til\u2026","rel":"","context":"Similar post","block_context":{"text":"Similar post","link":""},"img":{"alt_text":"","src":"https:\/\/i0.wp.com\/dyrk-haven.dk\/wp-content\/uploads\/2025\/10\/Hjulkrone-blaa.jpg?fit=974%2C878&ssl=1&resize=350%2C200","width":350,"height":200,"srcset":"https:\/\/i0.wp.com\/dyrk-haven.dk\/wp-content\/uploads\/2025\/10\/Hjulkrone-blaa.jpg?fit=974%2C878&ssl=1&resize=350%2C200 1x, https:\/\/i0.wp.com\/dyrk-haven.dk\/wp-content\/uploads\/2025\/10\/Hjulkrone-blaa.jpg?fit=974%2C878&ssl=1&resize=525%2C300 1.5x, https:\/\/i0.wp.com\/dyrk-haven.dk\/wp-content\/uploads\/2025\/10\/Hjulkrone-blaa.jpg?fit=974%2C878&ssl=1&resize=700%2C400 2x"},"classes":[]},{"id":2650,"url":"https:\/\/dyrk-haven.dk\/index.php\/vare\/pampasgraes-hvid\/","url_meta":{"origin":2619,"position":4},"title":"Pampasgr\u00e6s hvid","author":"S\u00f8rensen","date":"november 6, 2025","format":false,"excerpt":"Cortaderia selloana Pampasgr\u00e6s\u00a0er et storsl\u00e5et fler\u00e5rigt prydgr\u00e6s, der med sine tykke tuer af lange blade kan n\u00e5 en imponerende h\u00f8jde p\u00e5 100 til 200 cm. Planten er mest kendt for sine betagende, s\u00f8lv-hvide blomsterstande, som kan blive op til 50 cm lange. Disse fluffy toppe er perfekte til at skabe\u2026","rel":"","context":"Similar post","block_context":{"text":"Similar post","link":""},"img":{"alt_text":"","src":"https:\/\/i0.wp.com\/dyrk-haven.dk\/wp-content\/uploads\/2025\/11\/Pampasgraes-hvid.jpg?fit=830%2C738&ssl=1&resize=350%2C200","width":350,"height":200,"srcset":"https:\/\/i0.wp.com\/dyrk-haven.dk\/wp-content\/uploads\/2025\/11\/Pampasgraes-hvid.jpg?fit=830%2C738&ssl=1&resize=350%2C200 1x, https:\/\/i0.wp.com\/dyrk-haven.dk\/wp-content\/uploads\/2025\/11\/Pampasgraes-hvid.jpg?fit=830%2C738&ssl=1&resize=525%2C300 1.5x, https:\/\/i0.wp.com\/dyrk-haven.dk\/wp-content\/uploads\/2025\/11\/Pampasgraes-hvid.jpg?fit=830%2C738&ssl=1&resize=700%2C400 2x"},"classes":[]},{"id":2591,"url":"https:\/\/dyrk-haven.dk\/index.php\/vare\/vinget-hindebaeger-violet\/","url_meta":{"origin":2619,"position":5},"title":"Vinget hindeb\u00e6ger violet","author":"S\u00f8rensen","date":"oktober 28, 2025","format":false,"excerpt":"Limonium sinuatum Statice og vinget hindeb\u00e6ger er to navne for samme fabelagtige et\u00e5rige plante, der er uundv\u00e6rlig i enhver sk\u00e6rehave. Den udvikler oprette og forgrenede skud, der n\u00e5r en h\u00f8jde p\u00e5 60-70 cm. Planten b\u00e6rer et v\u00e6ld af sm\u00e5, violette blomster, der er samlet i imponerende, skyagtige toppe. Med sin\u2026","rel":"","context":"Similar post","block_context":{"text":"Similar post","link":""},"img":{"alt_text":"","src":"https:\/\/i0.wp.com\/dyrk-haven.dk\/wp-content\/uploads\/2025\/10\/Hindebaeger-violet.jpg?fit=945%2C925&ssl=1&resize=350%2C200","width":350,"height":200,"srcset":"https:\/\/i0.wp.com\/dyrk-haven.dk\/wp-content\/uploads\/2025\/10\/Hindebaeger-violet.jpg?fit=945%2C925&ssl=1&resize=350%2C200 1x, https:\/\/i0.wp.com\/dyrk-haven.dk\/wp-content\/uploads\/2025\/10\/Hindebaeger-violet.jpg?fit=945%2C925&ssl=1&resize=525%2C300 1.5x, https:\/\/i0.wp.com\/dyrk-haven.dk\/wp-content\/uploads\/2025\/10\/Hindebaeger-violet.jpg?fit=945%2C925&ssl=1&resize=700%2C400 2x"},"classes":[]}],"jetpack_sharing_enabled":true,"_links":{"self":[{"href":"https:\/\/dyrk-haven.dk\/index.php\/wp-json\/wp\/v2\/product\/2619","targetHints":{"allow":["GET"]}}],"collection":[{"href":"https:\/\/dyrk-haven.dk\/index.php\/wp-json\/wp\/v2\/product"}],"about":[{"href":"https:\/\/dyrk-haven.dk\/index.php\/wp-json\/wp\/v2\/types\/product"}],"replies":[{"embeddable":true,"href":"https:\/\/dyrk-haven.dk\/index.php\/wp-json\/wp\/v2\/comments?post=2619"}],"wp:featuredmedia":[{"embeddable":true,"href":"https:\/\/dyrk-haven.dk\/index.php\/wp-json\/wp\/v2\/media\/2620"}],"wp:attachment":[{"href":"https:\/\/dyrk-haven.dk\/index.php\/wp-json\/wp\/v2\/media?parent=2619"}],"wp:term":[{"taxonomy":"product_brand","embeddable":true,"href":"https:\/\/dyrk-haven.dk\/index.php\/wp-json\/wp\/v2\/product_brand?post=2619"},{"taxonomy":"product_cat","embeddable":true,"href":"https:\/\/dyrk-haven.dk\/index.php\/wp-json\/wp\/v2\/product_cat?post=2619"},{"taxonomy":"product_tag","embeddable":true,"href":"https:\/\/dyrk-haven.dk\/index.php\/wp-json\/wp\/v2\/product_tag?post=2619"}],"curies":[{"name":"wp","href":"https:\/\/api.w.org\/{rel}","templated":true}]}}