{"id":2587,"date":"2025-10-28T13:00:04","date_gmt":"2025-10-28T12:00:04","guid":{"rendered":"https:\/\/dyrk-haven.dk\/?post_type=product&#038;p=2587"},"modified":"2025-10-28T13:00:04","modified_gmt":"2025-10-28T12:00:04","slug":"violet-petunia","status":"publish","type":"product","link":"https:\/\/dyrk-haven.dk\/index.php\/vare\/violet-petunia\/","title":{"rendered":"Violet Petunia"},"content":{"rendered":"<p>Petuniaen er en et\u00e5rig plante, der danner lange, h\u00e6ngende skud p\u00e5 40-50 cm. Den blomstrer rigt og l\u00e6nge, hvilket sikrer en imponerende farvepragt hele sommeren. Blomsterne er tragtformede og skinner i en smuk pink-lilla nuance med et m\u00f8rkere \u00f8je i midten. Dens elegante v\u00e6kst g\u00f8r den ideel til dyrkning i h\u00e6ngekurve eller krukker p\u00e5 altanen. Skab et betagende syn med denne overd\u00e5dige blomst.<\/p>\n<hr \/>\n<p><b>S\u00e5-vejledning:<\/b><\/p>\n<ul>\n<li><b>S\u00e5dybde:<\/b> 0,1 \u2013 0,2 cm.<\/li>\n<li><b>S\u00e5tid i drivhus\/indend\u00f8rs:<\/b> Februar \u2013 Marts.<\/li>\n<li><b>Udplantningstid (efter sidste frost):<\/b> Maj.<\/li>\n<li><b>Planteafstand:<\/b> 20 x 30 cm.<\/li>\n<li><b>Blomstringsperiode:<\/b> Juni \u2013 Oktober.<\/li>\n<\/ul>\n","protected":false},"excerpt":{"rendered":"<p>Petuniaen er en et\u00e5rig plante, der danner lange, h\u00e6ngende skud p\u00e5 40-50 cm. Den blomstrer rigt og l\u00e6nge, hvilket sikrer en imponerende farvepragt hele sommeren. Blomsterne er tragtformede og skinner i en smuk pink-lilla nuance med et m\u00f8rkere \u00f8je i midten. Dens elegante v\u00e6kst g\u00f8r den ideel til dyrkning i h\u00e6ngekurve eller krukker p\u00e5 altanen.&hellip;&nbsp;<a href=\"https:\/\/dyrk-haven.dk\/index.php\/vare\/violet-petunia\/\" rel=\"bookmark\"><span class=\"screen-reader-text\">Violet Petunia<\/span><\/a><\/p>\n","protected":false},"featured_media":0,"comment_status":"open","ping_status":"closed","template":"","meta":{"neve_meta_sidebar":"","neve_meta_container":"","neve_meta_enable_content_width":"off","neve_meta_content_width":100,"neve_meta_title_alignment":"","neve_meta_author_avatar":"","neve_post_elements_order":"","neve_meta_disable_header":"","neve_meta_disable_footer":"","neve_meta_disable_title":"","jetpack_post_was_ever_published":false},"product_brand":[],"product_cat":[19],"product_tag":[],"class_list":{"0":"post-2587","1":"product","2":"type-product","3":"status-publish","5":"product_cat-ukategoriseret","7":"first","8":"instock","9":"shipping-taxable","10":"product-type-simple"},"jetpack-related-posts":[{"id":2648,"url":"https:\/\/dyrk-haven.dk\/index.php\/vare\/kaempemarguerit\/","url_meta":{"origin":2587,"position":0},"title":"K\u00e6mpemarguerit","author":"S\u00f8rensen","date":"november 6, 2025","format":false,"excerpt":"Chrysanthemum leucanthemum Crazy Daisy\u00a0er en charmerende, let at holde og langblomstrende staude, der garanterer en frodig blomstring. Denne sort udvikler store, smukke halvdobbelte til helt dobbelte hvide blomster med en dekorativ, gul midte, hvilket giver dem et fyldigt og i\u00f8jnefaldende udtryk. Den er perfekt som en smuk kantplante eller i\u2026","rel":"","context":"Similar post","block_context":{"text":"Similar post","link":""},"img":{"alt_text":"","src":"https:\/\/i0.wp.com\/dyrk-haven.dk\/wp-content\/uploads\/2025\/11\/Kaempemarguerit-hvid.jpg?fit=319%2C330&ssl=1&resize=350%2C200","width":350,"height":200},"classes":[]},{"id":2612,"url":"https:\/\/dyrk-haven.dk\/index.php\/vare\/solsikke-lemon-queen\/","url_meta":{"origin":2587,"position":1},"title":"Solsikke Lemon Queen","author":"S\u00f8rensen","date":"november 2, 2025","format":false,"excerpt":"Helianthus annuus L Lemon Queen\u00a0er en yndig et\u00e5rig solsikke, der vokser til en h\u00f8jde p\u00e5 100 til 150 cm. Sorten er elegant og producerer smukke, lysegule blomster med en flot, brun midte. Hver stiv stilk b\u00e6rer \u00e9n stor blomst, hvilket g\u00f8r dem perfekte til dekoration. Lemon Queen er ideel som\u2026","rel":"","context":"Similar post","block_context":{"text":"Similar post","link":""},"img":{"alt_text":"","src":"https:\/\/i0.wp.com\/dyrk-haven.dk\/wp-content\/uploads\/2025\/11\/Solsikke-Lemon-Queen.jpg?fit=945%2C922&ssl=1&resize=350%2C200","width":350,"height":200,"srcset":"https:\/\/i0.wp.com\/dyrk-haven.dk\/wp-content\/uploads\/2025\/11\/Solsikke-Lemon-Queen.jpg?fit=945%2C922&ssl=1&resize=350%2C200 1x, https:\/\/i0.wp.com\/dyrk-haven.dk\/wp-content\/uploads\/2025\/11\/Solsikke-Lemon-Queen.jpg?fit=945%2C922&ssl=1&resize=525%2C300 1.5x, https:\/\/i0.wp.com\/dyrk-haven.dk\/wp-content\/uploads\/2025\/11\/Solsikke-Lemon-Queen.jpg?fit=945%2C922&ssl=1&resize=700%2C400 2x"},"classes":[]},{"id":2640,"url":"https:\/\/dyrk-haven.dk\/index.php\/vare\/evighedsblomst-mix\/","url_meta":{"origin":2587,"position":2},"title":"Evighedsblomst mix","author":"S\u00f8rensen","date":"november 5, 2025","format":false,"excerpt":"Xeranthemum annuum Evighedsblomst mix\u00a0er en dejlig et\u00e5rig plante, der vokser til en h\u00f8jde p\u00e5 30 til 60 cm. Den udvikler tynde, stive og forgrenede skud, som b\u00e6rer halvfyldte blomster i smukke blandinger af hvide, rosa og lilla nuancer. Denne plante er en klassiker i haven, is\u00e6r p\u00e5 grund af dens\u2026","rel":"","context":"Similar post","block_context":{"text":"Similar post","link":""},"img":{"alt_text":"","src":"https:\/\/i0.wp.com\/dyrk-haven.dk\/wp-content\/uploads\/2025\/11\/Evighedsblomst-mix.jpg?fit=945%2C917&ssl=1&resize=350%2C200","width":350,"height":200,"srcset":"https:\/\/i0.wp.com\/dyrk-haven.dk\/wp-content\/uploads\/2025\/11\/Evighedsblomst-mix.jpg?fit=945%2C917&ssl=1&resize=350%2C200 1x, https:\/\/i0.wp.com\/dyrk-haven.dk\/wp-content\/uploads\/2025\/11\/Evighedsblomst-mix.jpg?fit=945%2C917&ssl=1&resize=525%2C300 1.5x, https:\/\/i0.wp.com\/dyrk-haven.dk\/wp-content\/uploads\/2025\/11\/Evighedsblomst-mix.jpg?fit=945%2C917&ssl=1&resize=700%2C400 2x"},"classes":[]},{"id":2635,"url":"https:\/\/dyrk-haven.dk\/index.php\/vare\/straablomst-gul\/","url_meta":{"origin":2587,"position":3},"title":"Str\u00e5blomst gul","author":"S\u00f8rensen","date":"november 5, 2025","format":false,"excerpt":"Helichrysum bracteatum Gul str\u00e5blomst er en elegant et\u00e5rig plante, der vokser til en h\u00f8jde p\u00e5 60 til 100 cm. Sorten udvikler lange, stive og slankt bekl\u00e6dte skud, som ender i store, str\u00e5lende gule blomsterhoveder. Disse blomster er ideelle til at tilf\u00f8re farve og tekstur til blomsterbede og er s\u00e6rligt v\u00e6rdsatte\u2026","rel":"","context":"Similar post","block_context":{"text":"Similar post","link":""},"img":{"alt_text":"","src":"https:\/\/i0.wp.com\/dyrk-haven.dk\/wp-content\/uploads\/2025\/11\/Straablomst-gul.jpg?fit=945%2C923&ssl=1&resize=350%2C200","width":350,"height":200,"srcset":"https:\/\/i0.wp.com\/dyrk-haven.dk\/wp-content\/uploads\/2025\/11\/Straablomst-gul.jpg?fit=945%2C923&ssl=1&resize=350%2C200 1x, https:\/\/i0.wp.com\/dyrk-haven.dk\/wp-content\/uploads\/2025\/11\/Straablomst-gul.jpg?fit=945%2C923&ssl=1&resize=525%2C300 1.5x, https:\/\/i0.wp.com\/dyrk-haven.dk\/wp-content\/uploads\/2025\/11\/Straablomst-gul.jpg?fit=945%2C923&ssl=1&resize=700%2C400 2x"},"classes":[]},{"id":2591,"url":"https:\/\/dyrk-haven.dk\/index.php\/vare\/vinget-hindebaeger-violet\/","url_meta":{"origin":2587,"position":4},"title":"Vinget hindeb\u00e6ger violet","author":"S\u00f8rensen","date":"oktober 28, 2025","format":false,"excerpt":"Limonium sinuatum Statice og vinget hindeb\u00e6ger er to navne for samme fabelagtige et\u00e5rige plante, der er uundv\u00e6rlig i enhver sk\u00e6rehave. Den udvikler oprette og forgrenede skud, der n\u00e5r en h\u00f8jde p\u00e5 60-70 cm. Planten b\u00e6rer et v\u00e6ld af sm\u00e5, violette blomster, der er samlet i imponerende, skyagtige toppe. Med sin\u2026","rel":"","context":"Similar post","block_context":{"text":"Similar post","link":""},"img":{"alt_text":"","src":"https:\/\/i0.wp.com\/dyrk-haven.dk\/wp-content\/uploads\/2025\/10\/Hindebaeger-violet.jpg?fit=945%2C925&ssl=1&resize=350%2C200","width":350,"height":200,"srcset":"https:\/\/i0.wp.com\/dyrk-haven.dk\/wp-content\/uploads\/2025\/10\/Hindebaeger-violet.jpg?fit=945%2C925&ssl=1&resize=350%2C200 1x, https:\/\/i0.wp.com\/dyrk-haven.dk\/wp-content\/uploads\/2025\/10\/Hindebaeger-violet.jpg?fit=945%2C925&ssl=1&resize=525%2C300 1.5x, https:\/\/i0.wp.com\/dyrk-haven.dk\/wp-content\/uploads\/2025\/10\/Hindebaeger-violet.jpg?fit=945%2C925&ssl=1&resize=700%2C400 2x"},"classes":[]},{"id":2621,"url":"https:\/\/dyrk-haven.dk\/index.php\/vare\/solsikke-teddy-bear\/","url_meta":{"origin":2587,"position":5},"title":"Solsikke Teddy Bear","author":"S\u00f8rensen","date":"november 5, 2025","format":false,"excerpt":"Helianthus annuus L Teddy Bear\u00a0er en bed\u00e5rende,\u00a0lavt voksende et\u00e5rig solsikke,\u00a0der kun bliver 50-60 cm h\u00f8j.\u00a0Denne sort er unik,\u00a0fordi den producerer\u00a0helt dobbelte, store, gule blomster med en diameter p\u00e5 op til 20 cm. Det\u00a0giver dem et fyldigt, plysset udseende \u2013 deraf navnet Teddy Bear. Den udvikler opretst\u00e5ende st\u00e6ngler og er perfekt\u2026","rel":"","context":"Similar post","block_context":{"text":"Similar post","link":""},"img":{"alt_text":"","src":"https:\/\/i0.wp.com\/dyrk-haven.dk\/wp-content\/uploads\/2025\/11\/Solsikke-Teddy-Bear.jpg?fit=945%2C925&ssl=1&resize=350%2C200","width":350,"height":200,"srcset":"https:\/\/i0.wp.com\/dyrk-haven.dk\/wp-content\/uploads\/2025\/11\/Solsikke-Teddy-Bear.jpg?fit=945%2C925&ssl=1&resize=350%2C200 1x, https:\/\/i0.wp.com\/dyrk-haven.dk\/wp-content\/uploads\/2025\/11\/Solsikke-Teddy-Bear.jpg?fit=945%2C925&ssl=1&resize=525%2C300 1.5x, https:\/\/i0.wp.com\/dyrk-haven.dk\/wp-content\/uploads\/2025\/11\/Solsikke-Teddy-Bear.jpg?fit=945%2C925&ssl=1&resize=700%2C400 2x"},"classes":[]}],"jetpack_sharing_enabled":true,"_links":{"self":[{"href":"https:\/\/dyrk-haven.dk\/index.php\/wp-json\/wp\/v2\/product\/2587","targetHints":{"allow":["GET"]}}],"collection":[{"href":"https:\/\/dyrk-haven.dk\/index.php\/wp-json\/wp\/v2\/product"}],"about":[{"href":"https:\/\/dyrk-haven.dk\/index.php\/wp-json\/wp\/v2\/types\/product"}],"replies":[{"embeddable":true,"href":"https:\/\/dyrk-haven.dk\/index.php\/wp-json\/wp\/v2\/comments?post=2587"}],"wp:attachment":[{"href":"https:\/\/dyrk-haven.dk\/index.php\/wp-json\/wp\/v2\/media?parent=2587"}],"wp:term":[{"taxonomy":"product_brand","embeddable":true,"href":"https:\/\/dyrk-haven.dk\/index.php\/wp-json\/wp\/v2\/product_brand?post=2587"},{"taxonomy":"product_cat","embeddable":true,"href":"https:\/\/dyrk-haven.dk\/index.php\/wp-json\/wp\/v2\/product_cat?post=2587"},{"taxonomy":"product_tag","embeddable":true,"href":"https:\/\/dyrk-haven.dk\/index.php\/wp-json\/wp\/v2\/product_tag?post=2587"}],"curies":[{"name":"wp","href":"https:\/\/api.w.org\/{rel}","templated":true}]}}